0403086 a multiple of 2251?
True
Is 19226961 a multiple of 1394?
False
Is 21 a factor of 566617287?
False
Does 3416 divide 3963073?
False
Does 53 divide 686893356?
True
Is 85097917 a multiple of 24?
False
Is 646 a factor of 19005204?
False
Is 7713619 a multiple of 277?
True
Is 4022 a factor of 117703830?
True
Does 295 divide 82292574?
False
Does 124 divide 972035876?
True
Is 348461100 a multiple of 900?
True
Is 42 a factor of 15805896?
False
Is 339435083 a multiple of 27?
False
Is 11 a factor of 15899118?
False
Is 103764234 a multiple of 1182?
True
Is 80165104 a multiple of 16?
True
Does 13 divide 2272045246?
False
Is 5659511 a multiple of 13?
True
Is 14 a factor of 107486426?
False
Does 702 divide 559406017?
False
Does 25 divide 54393612?
False
Does 4 divide 89558322?
False
Does 360 divide 72418680?
True
Is 28 a factor of 34489143?
False
Does 1824 divide 542450304?
True
Is 759 a factor of 101824295?
False
Is 26 a factor of 244451220?
True
Is 2 a factor of 628338114?
True
Is 8667412 a multiple of 23?
True
Is 104 a factor of 98526792?
True
Does 34 divide 61737954?
False
Is 54 a factor of 155732653?
False
Does 149 divide 887134676?
True
Is 360 a factor of 8450280?
True
Does 44 divide 28428376?
False
Is 778 a factor of 779556?
True
Does 14 divide 10467786?
True
Is 240928480 a multiple of 65?
True
Is 1027 a factor of 107908944?
True
Does 1466 divide 9904700?
False
Is 10 a factor of 58778650?
True
Is 67 a factor of 18841222?
False
Is 6 a factor of 79486692?
True
Is 4325140 a multiple of 3?
False
Is 157918916 a multiple of 3516?
False
Does 47 divide 73640735?
False
Is 10 a factor of 439749740?
True
Is 63 a factor of 59338356?
False
Is 363497280 a multiple of 24?
True
Is 18 a factor of 250557390?
True
Does 12 divide 3326388?
True
Does 90 divide 4180230?
True
Is 23341883 a multiple of 18?
False
Is 196605390 a multiple of 2130?
True
Is 486599655 a multiple of 79?
False
Is 178789310 a multiple of 2079?
False
Is 8919 a factor of 1667658373?
False
Is 26802154 a multiple of 10?
False
Is 448573554 a multiple of 858?
True
Is 112403789 a multiple of 295?
False
Is 1062 a factor of 314594547?
False
Is 809 a factor of 9084261?
True
Is 268 a factor of 233011260?
True
Is 75876783 a multiple of 28?
False
Is 56921865 a multiple of 85?
True
Is 318237399 a multiple of 153?
True
Is 125952040 a multiple of 20?
True
Does 1150 divide 463380359?
False
Is 1025360922 a multiple of 59?
False
Does 13 divide 98094412?
True
Does 143 divide 1093825770?
False
Does 38 divide 19309514?
False
Does 41 divide 419833796?
False
Does 17 divide 5012940722?
True
Is 22314894 a multiple of 21?
True
Does 360 divide 557865720?
True
Does 395 divide 191895740?
True
Is 285960180 a multiple of 566?
True
Is 197 a factor of 245834527?
True
Is 3097 a factor of 20434006?
True
Is 624 a factor of 159252288?
True
Is 2980 a factor of 479243600?
True
Is 39024258 a multiple of 370?
False
Is 506141818 a multiple of 169?
True
Is 641469422 a multiple of 6711?
False
Is 199409742 a multiple of 7?
True
Is 36 a factor of 8576604?
True
Is 17 a factor of 1115259058?
True
Is 1361 a factor of 63615682?
False
Does 10 divide 27238550?
True
Is 10 a factor of 239649531?
False
Does 1183 divide 3037620333?
False
Does 9 divide 51240852?
True
Does 16 divide 7509408?
True
Is 135 a factor of 73311392?
False
Is 2449 a factor of 303756817?
True
Does 5 divide 278832976?
False
Is 26 a factor of 6247332?
True
Is 1539084972 a multiple of 5161?
False
Is 1277 a factor of 19564887?
False
Is 411 a factor of 280110063?
True
Is 547 a factor of 867381729?
True
Is 61138701 a multiple of 1488?
False
Does 1497 divide 3962672772?
True
Is 1412 a factor of 48875041?
False
Does 713 divide 414997379?
False
Does 8 divide 25691378?
False
Does 4 divide 455031593?
False
Does 25 divide 18577686?
False
Does 320 divide 298515152?
False
Is 51 a factor of 121171430?
False
Is 30182629 a multiple of 67?
True
Is 136 a factor of 4576672?
True
Is 118672938 a multiple of 549?
True
Does 166 divide 822364?
True
Does 66 divide 21338592?
True
Does 108 divide 1194927552?
True
Is 25 a factor of 343157875?
True
Is 372248599 a multiple of 107?
False
Does 2869 divide 1346519246?
True
Does 4553 divide 42361112?
True
Does 1183 divide 58536023?
True
Is 1540 a factor of 466147220?
True
Does 430 divide 17845707?
False
Does 4016 divide 53150801?
False
Is 36 a factor of 17051940?
True
Is 4388 a factor of 178395620?
False
Is 5977090 a multiple of 206?
True
Is 380 a factor of 130624881?
False
Is 17 a factor of 152514628?
False
Does 10 divide 74955000?
True
Is 117 a factor of 477692748?
True
Does 76 divide 519267695?
False
Does 1024 divide 630092800?
True
Is 1346193 a multiple of 27?
True
Does 23 divide 135614647?
True
Is 12 a factor of 25365729?
False
Does 7167 divide 145888292?
False
Is 7023 a factor of 422637117?
True
Is 385734539 a multiple of 4537?
False
Is 186 a factor of 1930692158?
False
Is 95643188 a multiple of 3188?
True
Does 67 divide 68421595?
False
Is 41240700 a multiple of 25?
True
Does 8 divide 425184018?
False
Is 18220346 a multiple of 13?
False
Is 45 a factor of 157632525?
True
Does 144 divide 505416384?
True
Does 345 divide 157962916?
False
Is 26632580 a multiple of 26?
True
Does 1561 divide 756660408?
True
Is 757 a factor of 2060649422?
False
Is 24 a factor of 25776?
True
Is 165143559 a multiple of 675?
False
Is 40 a factor of 99454600?
True
Is 2938 a factor of 2167440781?
False
Does 261 divide 32345208?
True
Is 143336977 a multiple of 19?
False
Does 894 divide 2443659600?
True
Does 215 divide 2791971080?
True
Is 145500608 a multiple of 472?
True
Is 211 a factor of 726115463?
False
Does 2 divide 27025942?
True
Is 3113 a factor of 32288036?
True
Is 140 a factor of 2187657306?
False
Is 368344146 a multiple of 2114?
False
Is 21 a factor of 24922065?
True
Is 146 a factor of 81232213?
False
Is 7 a factor of 148838396?
True
Is 6263889 a multiple of 2?
False
Is 18290433 a multiple of 21?
True
Does 19 divide 612286799?
True
Is 2 a factor of 13668666?
True
Is 6886 a factor of 153688634?
True
Is 46 a factor of 17570347?
False
Is 55 a factor of 12828952?
False
Does 47 divide 70197508?
True
Is 90 a factor of 40369500?
True
Is 130517217 a multiple of 409?
True
Is 287975847 a multiple of 6323?
False
Is 9249868 a multiple of 1468?
True
Is 54910834 a multiple of 1974?
False
Is 547153263 a multiple of 193?
True
Does 37 divide 669657413?
True
Is 1356 a factor of 47954724?
False
Is 404865238 a multiple of 1114?
False
Is 150561600 a multiple of 6432?
False
Is 7429 a factor of 971199174?
False
Does 227 divide 122971121?
True
Is 48629029 a multiple of 365?
False
Is 4940 a factor of 2528934676?
False
Does 7 divide 187975865?
True
Does 11 divide 21390545?
True
Does 3304 divide 453726525?
False
Is 6100489 a multiple of 2?
False
Is 538236523 a multiple of 24?
False
Is 9787310 a multiple of 953?
True
Is 23810074 a multiple of 3?
False
Is 36 a factor of 101886658?
False
Is 1354 a factor of 144563704?
False
Does 92 divide 22777876?
False
Does 10 divide 62113296?
False
Is 655108362 a multiple of 102?
True
Is 3596292790 a multiple of 63?
False
Is 24127325 a multiple of 24?
False
Does 60 divide 11319240?
True
Is 124848322 a multiple of 36?
False
Does 21 divide 494621883?
True
Is 5300 a factor of 648916100?
True
Does 13 divide 446832178?
True
Is 70026822 a multiple of 29?
True
Is 405 a factor of 52253905?
False
Is 491 a factor of 2234807?
False
Is 79448475 a multiple of 25?
True
Is 2580 a factor of 580657380?
True
Is 13 a factor of 383532812?
True
Does 11 divide 42517354?
True
Is 67532340 a multiple of 3?
True
Is 10005943 a multiple of 2261?
False
Is 65068305 a multiple of 71?
True
Does 499 divide 288779863?
False
Does 132 divide 3619801?
False
Is 62 a factor of 2188567574?
True
Does 15 divide 638522040?
True
Is 12 a factor of 44007636?
True
Is 91 a factor of 395200766?
False
Is 145019110 a multiple of 28?
False
Is 1519543896 a multiple of 43?
False
Is 703051381 a multiple of 32?
False
Is 119206350 a multiple of 121?
False
Does 213 divide 41298783?
True
Is 1788 a factor of 275883036?
True
Does 98 divide 153420666?
True
Does 2 divide 177193695?
False
Is 1741 a factor of 482997956?
False
Is 36916846 a multiple of 31?
True
Does 27 divide 3319218?
True
Is 97979115 a multiple of 793?
True
Is 201